test common factor of 784 and r?
16
Let d = 277 + -263. Suppose -d*x + 73 = -53. What is the greatest common divisor of 39 and x?
3
Let b(j) = -253*j + 3 - 15 + 256*j. Let o be b(6). Calculate the highest common divisor of o and 282.
6
Let m(w) = w**3 - 6*w**2 + 73*w - 374. Let a be m(6). What is the highest common divisor of 11 and a?
1
Let l = 3 + -24. Let d be 7/(l/(-9)) - (-6 + 0). Suppose -d*m + 50 = 14. Calculate the highest common factor of 28 and m.
4
Suppose 0 = k - 5*n - 59, 3*k + 4*n = 57 + 215. What is the greatest common divisor of k and 546?
42
Suppose -5 = -5*s, -2*n + 4*s + 4 + 20 = 0. Let o be 63*(48/(-9) - -6). Suppose 16*g = 13*g + o. Calculate the highest common divisor of n and g.
14
Suppose -8*f + 1381 = -3099. What is the greatest common factor of 144 and f?
16
Suppose n + 4*l = 25, l - 20 - 10 = -5*n. Suppose n*z = 9*z. Suppose 5*u - u - 80 = z. Calculate the highest common factor of 160 and u.
20
Let v = 1876 - -24. Calculate the greatest common factor of v and 133.
19
Let y(a) = -4*a + 1. Let q(i) = 30*i + 339. Let k(o) = q(o) + 6*y(o). Let h be k(-57). Let n be 2/(-7) - 51/(-7). What is the greatest common factor of h and n?
1
Suppose -3*i + 286 = -8*f + 10*f, -2*i = -f - 186. What is the highest common factor of i and 1081?
47
Let j = -26 + 32. Let g(c) = -2*c - 9*c**3 - c + j*c**3. Let l be g(-2). Calculate the highest common factor of l and 30.
30
Let h be 1/(-3*(-481)/240 + -6). Suppose -4*y + 0*j - 5*j = -h, 3*y + 5*j = 65. Calculate the greatest common factor of y and 15.
15
Suppose g + 3*g - 2037 = -3*r + 5*g, g = 0. What is the greatest common divisor of 388 and r?
97
Let v = 24643 - 24637. Calculate the highest common divisor of 99 and v.
3
Suppose m - n - 37 = 20, -243 = -5*m - n. Calculate the highest common factor of 6 and m.
2
Let c(d) = -d**3 + 8*d**2 - 4*d + 37. Let a be c(8). Suppose -8*h = -a*h - 18. What is the highest common factor of h and 51?
3
Suppose 21*q - 17*q = 88. Let h(o) = -8*o + 6*o + 3*o + q. Let s be h(-12). What is the highest common factor of s and 25?
5
Suppose -12*p = -o - 1582, 155*p - 404 = 152*p - 4*o. Calculate the highest common divisor of p and 20.
4
Suppose -6219 = 127*q - 282444. Calculate the highest common factor of 174 and q.
87
Let j = -124 + 135. Suppose 69 = j*d - 19. Suppose -d*c + 72 = 4*c. Calculate the greatest common divisor of 33 and c.
3
Suppose -19*m + 49188 = 12404. Calculate the greatest common factor of m and 264.
88
Suppose 1146 = 60*u - 3954. What is the greatest common divisor of u and 901?
17
Let h(n) = -n**3 - 22*n**2 + 20*n + 48. Let g be (-1 - 1)*-1*552/(-48). Let b be h(g). What is the highest common divisor of 13 and b?
13
Suppose 0 = 11*i - 771 - 230. What is the greatest common divisor of i and 598?
13
Let b = 1390 + -506. What is the greatest common divisor of 156 and b?
52
Let v(m) be the first derivative of m**2/2 - m - 10. Let c be v(3). Let n be (16 - c) + 6/(-2). What is the highest common factor of 22 and n?
11
Let j = 65 + 3. Let m(k) = -7*k + 3. Let g = -48 + 46. Let r be m(g). Calculate the highest common divisor of j and r.
17
Suppose -41*u + 1992 + 6292 = -6066. What is the highest common divisor of 378 and u?
14
Let s(i) = i**2 + 2*i - 45. Let x be s(6). Suppose -6*v + x*v + 120 = -3*y, -4*y - 199 = -5*v. What is the highest common factor of 3 and v?
3
Suppose 0 = 3*j + 5*f - 2063, -54*j + 50*j - 5*f = -2749. Calculate the highest common divisor of j and 238.
14
Let p = 5566 - 3916. Suppose 194*t - p = 192*t. Calculate the highest common factor of t and 33.
33
Let f(a) = -a + 4. Let s = 26 - 22. Let m be f(s). Suppose 3*h - 20 = -o, 3*o - 3*h + h - 27 = m. What is the greatest common divisor of 11 and o?
11
Suppose 3*i + 5*a - 40 = 0, -2*i + 4*a = -i - 36. Let z(d) = -2*d**3 + 40*d**2 + 2*d + 14. Let m be z(i). Calculate the greatest common factor of 513 and m.
27
Suppose 5*o - 3896 = 3*w - 1173, -2*w + 18 = 0. What is the greatest common factor of 2640 and o?
110
Let d be 4/26 - (-16)/(-104). Let y be d - -102 - (-4 + 2). Let m = 50 + -37. What is the greatest common divisor of y and m?
13
Let l(b) = 5*b**2 - 129*b - 25. Let x be l(26). Suppose 0*d + 2*d = 3*g + 28, -3*d + 44 = -5*g. Let p = d - x. What is the highest common divisor of p and 28?
7
Let c(q) = 73*q - 2. Let d be c(2). Suppose -5*z + 5*y = -280, -z + 5*y + 51 = -37. Calculate the greatest common factor of z and d.
48
Let v be (1 - (-6 + 12)) + 792. Let u = v + -327. Calculate the highest common factor of 23 and u.
23
Let z(s) = 34*s + 128. Let i = 668 - 636. Let a be z(i). What is the greatest common factor of a and 19?
19
Let g be (-1)/(-3 - (165/(-42) + 1)). Let j(n) = -n**3 + 13*n**2 + 17*n + 22. Let f be j(g). Calculate the highest common divisor of f and 8.
8
Suppose 4880*l - 12243 = 4859*l. Let r be -4 + -6*((-39)/6 + 4). Calculate the greatest common factor of r and l.
11
Let m be (-8*(-4 + -4))/(1 - 0). Suppose -41 = -q + m. Let c(x) = 2*x**3 - 3*x**2 - x - 3. Let f be c(3). Calculate the highest common factor of f and q.
21
Let r(p) be the third derivative of p**6/60 + p**5/3 - p**4/2 - 16*p**3/3 + 6*p**2 - 6*p. Let c be r(-10). Calculate the highest common divisor of c and 44.
44
Suppose -174*z + 3*n = -171*z - 237, 0 = -3*z + 5*n + 237. Suppose -3*j + 864 + 84 = 0. Calculate the highest common divisor of j and z.
79
Let v(a) = 4*a**2 + 12*a + 23. Let u be v(-3). Suppose -u*r + 3*r = -3640. Calculate the greatest common factor of 14 and r.
14
Suppose -3*q - 2*s = -206, -4*q + 325 - 37 = -4*s. Suppose 0 = 19*c - c - 306. Suppose c*v - 25*v + 224 = 0. What is the highest common divisor of v and q?
14
Let i = -3939 + 4349. What is the highest common factor of 55 and i?
5
Let n be -12*(-20)/8 + -4. Suppose -c + 41 = n. What is the highest common divisor of c and 75?
15
Let w be (-2880)/(-144) - 0/1. Calculate the greatest common factor of w and 940.
20
Let i = 36 - 30. Let u(c) = -c**2 + 10*c + 26. Suppose 5*n - 60 = -0*n. Let x be u(n). Calculate the greatest common divisor of x and i.
2
Suppose -a - 4*b + 260 = 0, 366*b - 364*b - 12 = 0. What is the highest common divisor of a and 2714?
118
Suppose 9 = q + b, 0 = 5*q - 0*q - 4*b. Suppose q*g + 458 = -3*n - 2*n, 276 = -3*n - 2*g. Let d = n - -98. Calculate the greatest common factor of 32 and d.
4
Suppose 5*l - 2366 - 6129 = -z, z - 8499 = -3*l. What is the highest common divisor of 210 and z?
105
Let t be 3 + 2127/36 - 7/84. Let a = t - -204. What is the greatest common divisor of a and 56?
14
Let q = -4436 - -4466. What is the highest common divisor of q and 80?
10
Let t = 106 - 85. Suppose -t = g - 14. Let j be (-15)/(-30) + g/(-2). What is the highest common divisor of j and 4?
4
Let f be 88/(-154) - 3720/(-42). Let u be 6/8 + -2*217/(-8). Calculate the highest common divisor of f and u.
11
Let y be (-6)/(-4)*2/3. Suppose -3*r - 2*z + 3 = 18, -2*r = -7*z + 10. Let c be (-10)/((y + r)/8). What is the highest common factor of 50 and c?
10
Let o = 273 + -228. Let x = 46 - o. What is the highest common divisor of x and 9?
1
Suppose 2*g - 312 = -k, -4*k = -0*k - 4*g - 1212. Let s be (2/(-3))/(4/k*-1). What is the greatest common divisor of s and 238?
17
Suppose 14*q - 15*q = 0, 4*h + 9*q - 3492 = 0. Calculate the highest common factor of h and 776.
97
Let u = 7 + -4. Suppose u = 2*j + 1, 3*j = -h + 30. Let v be ((-126)/(-28))/((-1)/(-12)*2). What is the greatest common divisor of v and h?
27
Let l(h) = -100*h - 1. Let p be l(-1). Let w = 130 + -94. What is the greatest common factor of w and p?
9
Suppose -5*g + 66 = 4*o, 4*o = 3*o + 4. Suppose 9*s + 96 = g*s. Calculate the highest common divisor of s and 24.
24
Suppose -16*f = -68 + 532. Let h(d) = -d**2 - 34*d - 81. Let r be h(f). What is the greatest common factor of r and 80?
16
Let c(n) = -77*n + 2087. Let r be c(27). What is the highest common factor of r and 1768?
8
Let l be 11/((-77)/(-14)) + 6*2. Suppose -4*h - 46 = -g, -4*h + 70 + 136 = 5*g. What is the highest common divisor of g and l?
14
Let m = -368 + 665. Suppose 256 = 4*x + 4*h, 4*x - h + 93 - 359 = 0. Calculate the highest common factor of m and x.
33
Suppose 2219*b + 990 = 2229*b. Calculate the greatest common factor of b and 45.
9
Let f be ((-3198)/(-41))/39 + 118. Let n(p) = -p**3 + 6*p**2